{"id":354,"date":"2021-07-30T08:57:56","date_gmt":"2021-07-30T08:57:56","guid":{"rendered":"http:\/\/localhost:8888\/royarch\/?page_id=354"},"modified":"2023-08-23T11:16:34","modified_gmt":"2023-08-23T08:16:34","slug":"portfolio-fullscreen-3-col","status":"publish","type":"page","link":"https:\/\/erfeninsaat.com.tr\/index.php\/portfolio-fullscreen-3-col\/","title":{"rendered":"\u0130n\u015faat"},"content":{"rendered":"\t\t<div data-elementor-type=\"wp-page\" data-elementor-id=\"354\" class=\"elementor elementor-354\">\n\t\t\t\t\t\t\t\t\t<section class=\"elementor-section elementor-top-section elementor-element elementor-element-14d9b7a elementor-section-boxed elementor-section-height-default elementor-section-height-default\" data-id=\"14d9b7a\" data-element_type=\"section\">\n\t\t\t\t\t\t<div class=\"elementor-container elementor-column-gap-no\">\n\t\t\t\t\t<div class=\"elementor-column elementor-col-100 elementor-top-column elementor-element elementor-element-72c19d9\" data-id=\"72c19d9\" data-element_type=\"column\">\n\t\t\t<div class=\"elementor-widget-wrap elementor-element-populated\">\n\t\t\t\t\t\t\t\t<div class=\"elementor-element elementor-element-672888d elementor-grid-3 elementor-grid-tablet-2 elementor-grid-mobile-1 elementor-widget elementor-widget-portfolio\" data-id=\"672888d\" data-element_type=\"widget\" data-settings=\"{&quot;item_ratio&quot;:{&quot;unit&quot;:&quot;px&quot;,&quot;size&quot;:1.14,&quot;sizes&quot;:[]},&quot;row_gap&quot;:{&quot;unit&quot;:&quot;px&quot;,&quot;size&quot;:31,&quot;sizes&quot;:[]},&quot;columns&quot;:&quot;3&quot;,&quot;columns_tablet&quot;:&quot;2&quot;,&quot;columns_mobile&quot;:&quot;1&quot;,&quot;item_gap&quot;:{&quot;unit&quot;:&quot;px&quot;,&quot;size&quot;:&quot;&quot;,&quot;sizes&quot;:[]}}\" data-widget_type=\"portfolio.default\">\n\t\t\t\t<div class=\"elementor-widget-container\">\n\t\t\t<link rel=\"stylesheet\" href=\"https:\/\/erfeninsaat.com.tr\/wp-content\/plugins\/elementor-pro\/assets\/css\/widget-posts.min.css\">\t\t<ul class=\"elementor-portfolio__filters\">\n\t\t\t<li class=\"elementor-portfolio__filter elementor-active\" data-filter=\"__all\">T\u00fcm\u00fc<\/li>\n\t\t\t\t\t\t\t<li class=\"elementor-portfolio__filter\" data-filter=\"32\">Devam Eden Projeler<\/li>\n\t\t\t\t\t\t\t<li class=\"elementor-portfolio__filter\" data-filter=\"33\">Tamamlanan Projeler<\/li>\n\t\t\t\t\t<\/ul>\n\t\t\t\t<div class=\"elementor-portfolio elementor-grid elementor-posts-container\">\n\t\t\t\t<article class=\"elementor-portfolio-item elementor-post elementor-filter-33 post-1409 project type-project status-publish format-standard has-post-thumbnail hentry tag-tamamlanan ProjectCategory-insaat\">\n\t\t\t<a class=\"elementor-post__thumbnail__link\" href=\"https:\/\/erfeninsaat.com.tr\/index.php\/projects\/sehr-i-yasam-konutlari\/\">\n\t\t\t\t<div class=\"elementor-portfolio-item__img elementor-post__thumbnail\">\n\t\t\t<img width=\"768\" height=\"432\" class=\"attachment-medium_large size-medium_large wp-image-1413\" alt=\"\" sizes=\"(max-width: 768px) 100vw, 768px\" data-data-src=\"https:\/\/erfeninsaat.com.tr\/wp-content\/uploads\/2023\/08\/seh21-768x432.jpg\" data-data-srcset=\"https:\/\/erfeninsaat.com.tr\/wp-content\/uploads\/2023\/08\/seh21-768x432.jpg 768w, https:\/\/erfeninsaat.com.tr\/wp-content\/uploads\/2023\/08\/seh21-300x169.jpg 300w, https:\/\/erfeninsaat.com.tr\/wp-content\/uploads\/2023\/08\/seh21-1024x576.jpg 1024w, https:\/\/erfeninsaat.com.tr\/wp-content\/uploads\/2023\/08\/seh21.jpg 1500w\" srcset=\"https:\/\/erfeninsaat.com.tr\/wp-content\/uploads\/2023\/08\/seh21-768x432.jpg 768w, https:\/\/erfeninsaat.com.tr\/wp-content\/uploads\/2023\/08\/seh21-300x169.jpg 300w, https:\/\/erfeninsaat.com.tr\/wp-content\/uploads\/2023\/08\/seh21-1024x576.jpg 1024w, https:\/\/erfeninsaat.com.tr\/wp-content\/uploads\/2023\/08\/seh21.jpg 1500w\" \/>\t\t<\/div>\n\t\t\t\t<div class=\"elementor-portfolio-item__overlay\">\n\t\t\t\t<h2 class=\"elementor-portfolio-item__title\">\n\t\t\u015eehr-i Ya\u015fam Konutlar\u0131\t\t<\/h2>\n\t\t\t\t<\/div>\n\t\t\t\t<\/a>\n\t\t<\/article>\n\t\t\t\t<article class=\"elementor-portfolio-item elementor-post elementor-filter-33 post-1385 project type-project status-publish format-standard has-post-thumbnail hentry tag-tamamlanan ProjectCategory-insaat\">\n\t\t\t<a class=\"elementor-post__thumbnail__link\" href=\"https:\/\/erfeninsaat.com.tr\/index.php\/projects\/niwapark\/\">\n\t\t\t\t<div class=\"elementor-portfolio-item__img elementor-post__thumbnail\">\n\t\t\t<img width=\"768\" height=\"768\" class=\"attachment-medium_large size-medium_large wp-image-1387\" alt=\"\" sizes=\"(max-width: 768px) 100vw, 768px\" data-data-src=\"https:\/\/erfeninsaat.com.tr\/wp-content\/uploads\/2023\/08\/niw8-768x768.jpg\" data-data-srcset=\"https:\/\/erfeninsaat.com.tr\/wp-content\/uploads\/2023\/08\/niw8-768x768.jpg 768w, https:\/\/erfeninsaat.com.tr\/wp-content\/uploads\/2023\/08\/niw8-300x300.jpg 300w, https:\/\/erfeninsaat.com.tr\/wp-content\/uploads\/2023\/08\/niw8-150x150.jpg 150w, https:\/\/erfeninsaat.com.tr\/wp-content\/uploads\/2023\/08\/niw8.jpg 960w\" srcset=\"https:\/\/erfeninsaat.com.tr\/wp-content\/uploads\/2023\/08\/niw8-768x768.jpg 768w, https:\/\/erfeninsaat.com.tr\/wp-content\/uploads\/2023\/08\/niw8-300x300.jpg 300w, https:\/\/erfeninsaat.com.tr\/wp-content\/uploads\/2023\/08\/niw8-150x150.jpg 150w, https:\/\/erfeninsaat.com.tr\/wp-content\/uploads\/2023\/08\/niw8.jpg 960w\" \/>\t\t<\/div>\n\t\t\t\t<div class=\"elementor-portfolio-item__overlay\">\n\t\t\t\t<h2 class=\"elementor-portfolio-item__title\">\n\t\tNiwapark\t\t<\/h2>\n\t\t\t\t<\/div>\n\t\t\t\t<\/a>\n\t\t<\/article>\n\t\t\t\t<article class=\"elementor-portfolio-item elementor-post elementor-filter-32 post-1192 project type-project status-publish format-standard has-post-thumbnail hentry tag-devam-eden ProjectCategory-insaat\">\n\t\t\t<a class=\"elementor-post__thumbnail__link\" href=\"https:\/\/erfeninsaat.com.tr\/index.php\/projects\/lavida-incek\/\">\n\t\t\t\t<div class=\"elementor-portfolio-item__img elementor-post__thumbnail\">\n\t\t\t<img width=\"768\" height=\"768\" class=\"attachment-medium_large size-medium_large wp-image-1256\" alt=\"\" sizes=\"(max-width: 768px) 100vw, 768px\" data-data-src=\"https:\/\/erfeninsaat.com.tr\/wp-content\/uploads\/2023\/08\/la3-1-768x768.jpg\" data-data-srcset=\"https:\/\/erfeninsaat.com.tr\/wp-content\/uploads\/2023\/08\/la3-1-768x768.jpg 768w, https:\/\/erfeninsaat.com.tr\/wp-content\/uploads\/2023\/08\/la3-1-300x300.jpg 300w, https:\/\/erfeninsaat.com.tr\/wp-content\/uploads\/2023\/08\/la3-1-150x150.jpg 150w, https:\/\/erfeninsaat.com.tr\/wp-content\/uploads\/2023\/08\/la3-1.jpg 960w\" srcset=\"https:\/\/erfeninsaat.com.tr\/wp-content\/uploads\/2023\/08\/la3-1-768x768.jpg 768w, https:\/\/erfeninsaat.com.tr\/wp-content\/uploads\/2023\/08\/la3-1-300x300.jpg 300w, https:\/\/erfeninsaat.com.tr\/wp-content\/uploads\/2023\/08\/la3-1-150x150.jpg 150w, https:\/\/erfeninsaat.com.tr\/wp-content\/uploads\/2023\/08\/la3-1.jpg 960w\" \/>\t\t<\/div>\n\t\t\t\t<div class=\"elementor-portfolio-item__overlay\">\n\t\t\t\t<h2 class=\"elementor-portfolio-item__title\">\n\t\tLavida \u0130ncek\t\t<\/h2>\n\t\t\t\t<\/div>\n\t\t\t\t<\/a>\n\t\t<\/article>\n\t\t\t\t<article class=\"elementor-portfolio-item elementor-post elementor-filter-32 post-1473 project type-project status-publish format-standard has-post-thumbnail hentry tag-devam-eden ProjectCategory-insaat\">\n\t\t\t<a class=\"elementor-post__thumbnail__link\" href=\"https:\/\/erfeninsaat.com.tr\/index.php\/projects\/ankara-cankaya-umit-mahallesi-ticari-tek-villa\/\">\n\t\t\t\t<div class=\"elementor-portfolio-item__img elementor-post__thumbnail\">\n\t\t\t<img width=\"768\" height=\"768\" class=\"attachment-medium_large size-medium_large wp-image-1475\" alt=\"\" sizes=\"(max-width: 768px) 100vw, 768px\" data-data-src=\"https:\/\/erfeninsaat.com.tr\/wp-content\/uploads\/2023\/08\/um6-768x768.jpg\" data-data-srcset=\"https:\/\/erfeninsaat.com.tr\/wp-content\/uploads\/2023\/08\/um6-768x768.jpg 768w, https:\/\/erfeninsaat.com.tr\/wp-content\/uploads\/2023\/08\/um6-300x300.jpg 300w, https:\/\/erfeninsaat.com.tr\/wp-content\/uploads\/2023\/08\/um6-150x150.jpg 150w, https:\/\/erfeninsaat.com.tr\/wp-content\/uploads\/2023\/08\/um6.jpg 960w\" srcset=\"https:\/\/erfeninsaat.com.tr\/wp-content\/uploads\/2023\/08\/um6-768x768.jpg 768w, https:\/\/erfeninsaat.com.tr\/wp-content\/uploads\/2023\/08\/um6-300x300.jpg 300w, https:\/\/erfeninsaat.com.tr\/wp-content\/uploads\/2023\/08\/um6-150x150.jpg 150w, https:\/\/erfeninsaat.com.tr\/wp-content\/uploads\/2023\/08\/um6.jpg 960w\" \/>\t\t<\/div>\n\t\t\t\t<div class=\"elementor-portfolio-item__overlay\">\n\t\t\t\t<h2 class=\"elementor-portfolio-item__title\">\n\t\tAnkara \u00c7ankaya \u00dcmit Mahallesi Ticari Villa\t\t<\/h2>\n\t\t\t\t<\/div>\n\t\t\t\t<\/a>\n\t\t<\/article>\n\t\t\t\t<article class=\"elementor-portfolio-item elementor-post elementor-filter-32 post-1531 project type-project status-publish format-standard has-post-thumbnail hentry tag-devam-eden ProjectCategory-insaat\">\n\t\t\t<a class=\"elementor-post__thumbnail__link\" href=\"https:\/\/erfeninsaat.com.tr\/index.php\/projects\/alacati-ticari-projemiz\/\">\n\t\t\t\t<div class=\"elementor-portfolio-item__img elementor-post__thumbnail\">\n\t\t\t<img width=\"768\" height=\"768\" class=\"attachment-medium_large size-medium_large wp-image-1533\" alt=\"\" sizes=\"(max-width: 768px) 100vw, 768px\" data-data-src=\"https:\/\/erfeninsaat.com.tr\/wp-content\/uploads\/2023\/08\/alana-768x768.jpg\" data-data-srcset=\"https:\/\/erfeninsaat.com.tr\/wp-content\/uploads\/2023\/08\/alana-768x768.jpg 768w, https:\/\/erfeninsaat.com.tr\/wp-content\/uploads\/2023\/08\/alana-300x300.jpg 300w, https:\/\/erfeninsaat.com.tr\/wp-content\/uploads\/2023\/08\/alana-150x150.jpg 150w, https:\/\/erfeninsaat.com.tr\/wp-content\/uploads\/2023\/08\/alana.jpg 960w\" srcset=\"https:\/\/erfeninsaat.com.tr\/wp-content\/uploads\/2023\/08\/alana-768x768.jpg 768w, https:\/\/erfeninsaat.com.tr\/wp-content\/uploads\/2023\/08\/alana-300x300.jpg 300w, https:\/\/erfeninsaat.com.tr\/wp-content\/uploads\/2023\/08\/alana-150x150.jpg 150w, https:\/\/erfeninsaat.com.tr\/wp-content\/uploads\/2023\/08\/alana.jpg 960w\" \/>\t\t<\/div>\n\t\t\t\t<div class=\"elementor-portfolio-item__overlay\">\n\t\t\t\t<h2 class=\"elementor-portfolio-item__title\">\n\t\tAlacaatl\u0131\u00a0Ticari\u00a0Projemiz\t\t<\/h2>\n\t\t\t\t<\/div>\n\t\t\t\t<\/a>\n\t\t<\/article>\n\t\t\t\t<\/div>\n\t\t\t\t<\/div>\n\t\t\t\t<\/div>\n\t\t\t\t\t<\/div>\n\t\t<\/div>\n\t\t\t\t\t\t\t<\/div>\n\t\t<\/section>\n\t\t\t\t\t\t\t<\/div>\n\t\t","protected":false},"excerpt":{"rendered":"","protected":false},"author":1,"featured_media":0,"parent":0,"menu_order":0,"comment_status":"closed","ping_status":"closed","template":"","meta":{"footnotes":""},"class_list":["post-354","page","type-page","status-publish","hentry"],"_links":{"self":[{"href":"https:\/\/erfeninsaat.com.tr\/index.php\/wp-json\/wp\/v2\/pages\/354","targetHints":{"allow":["GET"]}}],"collection":[{"href":"https:\/\/erfeninsaat.com.tr\/index.php\/wp-json\/wp\/v2\/pages"}],"about":[{"href":"https:\/\/erfeninsaat.com.tr\/index.php\/wp-json\/wp\/v2\/types\/page"}],"author":[{"embeddable":true,"href":"https:\/\/erfeninsaat.com.tr\/index.php\/wp-json\/wp\/v2\/users\/1"}],"replies":[{"embeddable":true,"href":"https:\/\/erfeninsaat.com.tr\/index.php\/wp-json\/wp\/v2\/comments?post=354"}],"version-history":[{"count":31,"href":"https:\/\/erfeninsaat.com.tr\/index.php\/wp-json\/wp\/v2\/pages\/354\/revisions"}],"predecessor-version":[{"id":1488,"href":"https:\/\/erfeninsaat.com.tr\/index.php\/wp-json\/wp\/v2\/pages\/354\/revisions\/1488"}],"wp:attachment":[{"href":"https:\/\/erfeninsaat.com.tr\/index.php\/wp-json\/wp\/v2\/media?parent=354"}],"curies":[{"name":"wp","href":"https:\/\/api.w.org\/{rel}","templated":true}]}}